 is -52546067 (base 8) in base 10?
-11193399
What is 1001100111111110110 (base 2) in base 15?
636a7
Convert -10000000102101 (base 3) to base 14.
-2d71c2
What is a0925 (base 12) in base 3?
101121021002
-179740 (base 10) to base 15
-383ca
What is 6644664 (base 11) in base 2?
101100011110110001000100
Convert 8745a (base 11) to base 6.
2415534
What is -11154215 (base 6) in base 4?
-1103130203
What is -2542214 (base 7) in base 14?
-88244
What is 2330446 (base 7) in base 14?
78b96
a52c0 (base 14) to base 15
7d0ca
What is -511126 (base 8) in base 7?
-1301232
-1455b6 (base 12) to base 8
-1232432
e86a (base 15) to base 12
2453a
-2012032220 (base 4) to base 3
-1000221011222
-2202232212 (base 4) to base 8
-2425646
-101011101011111110110101 (base 2) to base 9
-23484583
Convert 78901 (base 13) to base 11.
13a614
What is 1025060 (base 13) in base 9?
10180602
Convert 513166 (base 10) to base 7.
4235053
Convert -1300707 (base 8) to base 16.
-581c7
10810b4 (base 14) to base 2
11101111010000000010110
What is 121041012 (base 5) in base 14?
109d48
What is 151a (base 13) in base 9?
4175
What is -17551 (base 9) in base 2?
-10111101010011
Convert -1000000010111000011011 (base 2) to base 7.
-23632362
-32014366 (base 7) to base 3
-12002200021111
What is -14203144 (base 6) in base 9?
-815271
281957 (base 10) to base 6
10013205
5cae8 (base 16) to base 6
12045304
Convert 30211122313 (base 4) to base 10.
3298999
52446 (base 12) to base 14
2b3b8
Convert 4656c (base 13) to base 8.
372551
437244 (base 8) to base 9
243713
Convert -101110111000100111000 (base 2) to base 4.
-11313010320
What is -302270 (base 8) in base 4?
-120102320
Convert 27c15 (base 13) to base 16.
12333
-2a2200 (base 11) to base 9
-787585
-de7b (base 15) to base 3
-2101122222
What is -25520667 (base 9) in base 3?
-212120200202021
Convert -1012100200021 (base 3) to base 13.
-193b91
Convert -234344213 (base 5) to base 9.
-2041861
Convert 2555300 (base 6) to base 14.
38d80
What is -105614060 (base 7) in base 10?
-6457703
What is 2e617c (base 15) in base 10?
2248092
-1236013 (base 8) to base 12
-146637
What is -ab741 (base 15) in base 2?
-10000101000011110011
What is 6708488 (base 9) in base 2?
1101110000111010100001
Convert 7b14a (base 12) to base 7.
1253122
What is -423001503 (base 6) in base 9?
-14856483
What is -21031323001 (base 4) in base 11?
-1400466
Convert -19c8270 (base 13) to base 14.
-11c0435
What is -159422 (base 10) in base 15?
-32382
What is 223122041 (base 5) in base 3?
1212020200102
Convert -236147 (base 9) to base 12.
-6a407
What is -60596 (base 15) in base 6?
-10312040
Convert 905279 (base 10) to base 13.
25908b
What is -21020001202 (base 3) in base 13?
-4c958
What is -161653 (base 9) in base 13?
-364a7
What is -ffbe4 (base 16) in base 5?
-232010044
Convert 279323 (base 10) to base 12.
11578b
What is 103015162 (base 7) in base 13?
136467a
1000100100101110000100 (base 2) to base 3
11020012001211
What is 23a42a (base 11) in base 13?
103b84
Convert -9599 (base 12) to base 13.
-75c9
-24c505 (base 14) to base 13
-352c92
Convert -1353324241 (base 6) to base 5.
-13232324243
-12001556 (base 7) to base 4
-10002222032
507745 (base 8) to base 16
28fe5
Convert -1020000022000 (base 3) to base 4.
-2132220123
Convert -1722005 (base 8) to base 12.
-201945
Convert -d70b9 (base 16) to base 15.
-125eba
What is -2e9a1 (base 15) in base 6?
-3121324
What is 2744921 (base 12) in base 16?
771829
Convert -1204111443 (base 6) to base 7.
-223610250
Convert -1aa428 (base 11) to base 3.
-121022201110
-5171763 (base 10) to base 2
-10011101110101000110011
Convert 2430773 (base 8) to base 13.
1a5177
Convert 1351746 (base 8) to base 11.
240a46
What is -101001100100000100000 (base 2) in base 9?
-2505220
-1522002 (base 8) to base 7
-3461545
What is 13043e (base 15) in base 8?
3365521
What is 6256206 (base 7) in base 14?
15893d
Convert 305421 (base 6) to base 14.
8d49
What is 123313213 (base 4) in base 3?
12210120211
-1237922 (base 12) to base 2
-1101100100111101101010
843006 (base 10) to base 6
30022450
Convert 34682688 (base 9) to base 16.
1019f15
Convert -11332c2 (base 13) to base 4.
-110023231320
40265 (base 7) to base 2
10011000010101
What is 51351511 (base 6) in base 14?
2a6159
-3a6c81 (base 13) to base 14
-28b856
-103323111 (base 4) to base 16
-13ed5
-65938 (base 15) to base 5
-40311303
Convert -152ca5 (base 13) to base 5.
-113130110
Convert 101110122022210 (base 3) to base 7.
65200230
-101000001101110001 (base 2) to base 4
-220031301
Convert -1101100110110001110100 (base 2) to base 11.
-20167a2
Convert 7219ac (base 13) to base 9.
5003782
Convert -10010011010010101 (base 2) to base 12.
-37785
-84618d (base 16) to base 10
-8675725
-310104000 (base 5) to base 16
-1320f9
18227224 (base 9) to base 11
51a4347
1221211201101 (base 3) to base 15
158287
What is -1540535 (base 7) in base 2?
-110011101001100111
1032220112 (base 5) to base 13
5cc436
What is -856846 (base 15) in base 14?
-bb4329
Convert 111110111001011110010 (base 2) to base 4.
13313023302
-10110110010000100101 (base 2) to base 13
-201a48
Convert 111000000100011100 (base 2) to base 4.
320010130
-110000101000001100010 (base 2) to base 11
-9991a4
-794497 (base 11) to base 2
-100110100110110010000
218395 (base 14) to base 4
10111201133
What is -389874 (base 10) in base 6?
-12204550
What is 112178 (base 10) in base 16?
1b632
What is 2751177 (base 8) in base 12?
314453
404141113 (base 5) to base 11
a14260
-102211120111 (base 3) to base 2
-111000111000001001
1213111222 (base 4) to base 11
26a015
What is -376340 (base 8) in base 6?
-2443040
740907 (base 12) to base 8
6756427
What is 5adb9 (base 16) in base 4?
1122312321
Convert -11003035 (base 8) to base 11.
-1372828
What is -1101112122 (base 3) in base 9?
-41478
Convert -37235a (base 14) to base 4.
-13031010130
Convert 2367100 (base 8) to base 9.
1201668
Convert -99671 (base 13) to base 15.
-57538
What is 125b115 (base 13) in base 3?
101210110001222
What is 110001110110000111101 (base 2) in base 6?
55001433
ca9c (base 15) to base 11
2a258
-14214200 (base 5) to base 10
-148050
2e78c (base 16) to base 7
1421644
1060b0 (base 12) to base 8
772404
-2111010022012 (base 3) to base 15
-1b16ce
-1303705 (base 8) to base 9
-612147
Convert -2123232322 (base 4) to base 8.
-2335672
Convert -1c4d2 (base 14) to base 3.
-10200012020
36162052 (base 7) to base 16
30f50b
2050445 (base 6) to base 7
564305
Convert 25f58 (base 16) to base 14.
4093a
Convert 1002110201 (base 3) to base 4.
11033230
Convert -132373 (base 11) to base 3.
-101120102122
What is 15313532 (base 6) in base 11?
3387a7
-882051 (base 11) to base 15
-1cc3d9
12344535 (base 6) to base 15
7e552
What is 647982 (base 11) in base 4?
3330301212
Convert 11101110100111001 (base 2) to base 15.
262e9
Convert -a43453 (base 12) to base 16.
-2752bf
Convert 126651 (base 10) to base 16.
1eebb
-16206012 (base 7) to base 13
-42a509
What is -135358 (base 9) in base 13?
-2b826
1742261 (base 11) to base 12
ba9285
Convert -249341 (base 10) to base 13.
-89651
Convert -414064 (base 8) to base 11.
-9414a
Convert 1111000101101111010 (base 2) to base 12.
1ba18a
What is 38d05d (base 14) in base 6?
105534043
Convert 123232303 (base 5) to base 10.
602203
What is -4ad48 (base 16) in base 5?
-34302004
What is -2023555 (base 6) in base 3?
-11220201222
Convert 3152521 (base 11) to base 6.
315000433
Convert 11101110011010 (base 2) to base 10.
15258
-2a004 (base 14) to base 12
-50418
-108092 (base 10) to base 13
-3a27a
What is -2012211021 (base 4) in base 9?
-1030140
What is -11312414 (base 5) in base 10?
-104109
What is 1748789 (base 10) in base 2?
110101010111100110101
-4a9a01 (base 16) to base 14
-913a49
What is -68b47 (base 13) in base 15?
-3b840
What is -2436321 (base 7) in base 14?
-81981
Convert 40230453 (base 6) to base 11.
709023
Convert 5110145 (base 6) to base 16.
3b2f1
-9e575 (base 15) to base 7
-4166465
Convert 1487c3 (base 15) to base 6.
33122133
Convert -db2b (base 14) to base 3.
-1220221111
Convert -200157 (base 9) to base 5.
-12240411
-88302 (base 12) to base 4
-223332302
-111111011010100110000 (base 2) to base 9
-3816428
What is -47091 (base 10) in base 14?
-13239
What is -1430327 (base 10) in base 13?
-3b1062
Convert 445631 (base 7) to base 2.
10011010000001111
194b53 (base 12) to base 4
